{"id":2572,"date":"2020-06-30T17:24:40","date_gmt":"2020-06-30T17:24:40","guid":{"rendered":"http:\/\/wiseinteractions.com\/wise_www\/?page_id=2572"},"modified":"2021-02-23T17:22:52","modified_gmt":"2021-02-23T17:22:52","slug":"talento-wise","status":"publish","type":"page","link":"https:\/\/wiseinteractions.com\/wise_www\/talento-wise\/","title":{"rendered":"Talento Wise"},"content":{"rendered":"<p>[et_pb_section fb_built=&#8221;1&#8243; admin_label=&#8221;Page Title Section&#8221; _builder_version=&#8221;4.4.8&#8243; background_color_gradient_direction=&#8221;120deg&#8221; background_image=&#8221;https:\/\/wiseinteractions.com\/wise_www\/wp-content\/uploads\/2020\/06\/talento-wise-3.jpg&#8221; min_height=&#8221;400px&#8221; min_height_tablet=&#8221;&#8221; min_height_phone=&#8221;&#8221; min_height_last_edited=&#8221;on|phone&#8221; custom_padding=&#8221;64px||53px||false|false&#8221; locked=&#8221;off&#8221;][\/et_pb_section][et_pb_section fb_built=&#8221;1&#8243; admin_label=&#8221;Services&#8221; _builder_version=&#8221;3.22&#8243; custom_padding=&#8221;54px|0px|54px|0|false|false&#8221;][et_pb_row admin_label=&#8221;contact-center&#8221; _builder_version=&#8221;4.3.2&#8243; custom_padding=&#8221;30px|0px|11px|0px|false|false&#8221; locked=&#8221;off&#8221;][et_pb_column type=&#8221;4_4&#8243; _builder_version=&#8221;3.25&#8243; custom_padding=&#8221;|||&#8221; custom_padding__hover=&#8221;|||&#8221;][et_pb_text _builder_version=&#8221;4.4.8&#8243; text_font=&#8221;||||||||&#8221; header_font=&#8221;||||||||&#8221; header_text_color=&#8221;rgba(0,0,0,0)&#8221; header_2_font=&#8221;Roboto||||||||&#8221; header_2_text_color=&#8221;#4e5054&#8243; header_2_font_size=&#8221;42px&#8221; header_2_line_height=&#8221;1.4em&#8221; header_3_font=&#8221;Roboto||||||||&#8221; header_3_text_color=&#8221;#8dc045&#8243; max_width=&#8221;700px&#8221; custom_margin=&#8221;|||&#8221; custom_padding=&#8221;|||&#8221; header_2_font_size_tablet=&#8221;&#8221; header_2_font_size_phone=&#8221;24px&#8221; header_2_font_size_last_edited=&#8221;on|phone&#8221; header_2_line_height_tablet=&#8221;1.4em&#8221; header_2_line_height_phone=&#8221;&#8221; header_2_line_height_last_edited=&#8221;on|desktop&#8221; locked=&#8221;off&#8221;]<\/p>\n<h3>#TalentoWise<\/h3>\n<h2>Conoce a Nuestro Equipo de Trabajo<\/h2>\n<p>[\/et_pb_text][et_pb_text _builder_version=&#8221;4.4.8&#8243; text_font=&#8221;Roboto|300|||||||&#8221; text_text_color=&#8221;#4e5054&#8243; text_font_size=&#8221;18px&#8221; text_line_height=&#8221;1.8em&#8221; custom_padding=&#8221;||5%||false|false&#8221; locked=&#8221;off&#8221;]<\/p>\n<p>Sabemos lo importante que es para todos que sean escuchados y creemos firmemente que todas las opiniones son importantes. Si tienes curiosidad de conocer m\u00e1s sobre nuestro equipo de trabajo de Wise Interactions, lee las breves entrevistas y las historias de \u00e9xito de nuestros integrantes de <strong>#TalentoWise.<\/strong><\/p>\n<p>[\/et_pb_text][\/et_pb_column][\/et_pb_row][et_pb_row _builder_version=&#8221;4.4.8&#8243;][et_pb_column type=&#8221;4_4&#8243; _builder_version=&#8221;4.4.8&#8243;][et_pb_blog fullwidth=&#8221;off&#8221; posts_number=&#8221;20&#8243; include_categories=&#8221;8&#8243; show_author=&#8221;off&#8221; _builder_version=&#8221;4.8.1&#8243; header_text_color=&#8221;#8dc045&#8243; body_font=&#8221;||||||||&#8221; meta_font=&#8221;|300|||||||&#8221; meta_font_size=&#8221;11px&#8221; hover_enabled=&#8221;0&#8243; sticky_enabled=&#8221;0&#8243;][\/et_pb_blog][\/et_pb_column][\/et_pb_row][\/et_pb_section][et_pb_section fb_built=&#8221;1&#8243; admin_label=&#8221;Footer Section&#8221; _builder_version=&#8221;4.3.2&#8243; background_color=&#8221;#4e5054&#8243; custom_margin=&#8221;||||false|false&#8221; custom_padding=&#8221;50px||30px||false|false&#8221; global_module=&#8221;2197&#8243; saved_tabs=&#8221;all&#8221; locked=&#8221;off&#8221;][et_pb_row column_structure=&#8221;1_3,1_3,1_3&#8243; admin_label=&#8221;Footer Area&#8221; _builder_version=&#8221;4.3.2&#8243; max_width=&#8221;80%&#8221; custom_margin=&#8221;||0px||false|false&#8221; custom_padding=&#8221;||0px||false|false&#8221;][et_pb_column type=&#8221;1_3&#8243; _builder_version=&#8221;3.25&#8243; custom_padding=&#8221;|||&#8221; custom_padding__hover=&#8221;|||&#8221;][et_pb_image src=&#8221;https:\/\/wiseinteractions.com\/wise_www\/wp-content\/uploads\/2020\/06\/logo-blanco-1.png&#8221; disabled_on=&#8221;on|on|off&#8221; _builder_version=&#8221;4.3.2&#8243; width=&#8221;32%&#8221; custom_margin=&#8221;-51px||||false|false&#8221;][\/et_pb_image][\/et_pb_column][et_pb_column type=&#8221;1_3&#8243; _builder_version=&#8221;3.25&#8243; custom_padding=&#8221;|||&#8221; custom_padding__hover=&#8221;|||&#8221;][et_pb_blurb title=&#8221;44.25.61.00&#8243; image=&#8221;https:\/\/wiseinteractions.com\/wise_www\/wp-content\/uploads\/2020\/06\/tel.png&#8221; icon_placement=&#8221;left&#8221; _builder_version=&#8221;4.4.8&#8243; header_font=&#8221;Roboto|300|||||||&#8221; header_text_color=&#8221;#ffffff&#8221; header_font_size=&#8221;16px&#8221; header_line_height=&#8221;2.2em&#8221; custom_padding=&#8221;|||190px|false|false&#8221; custom_padding_tablet=&#8221;&#8221; custom_padding_phone=&#8221;|||120px|false|false&#8221; custom_padding_last_edited=&#8221;on|phone&#8221; locked=&#8221;off&#8221;][\/et_pb_blurb][\/et_pb_column][et_pb_column type=&#8221;1_3&#8243; _builder_version=&#8221;3.25&#8243; custom_padding=&#8221;|||&#8221; custom_padding__hover=&#8221;|||&#8221;][et_pb_blurb title=&#8221;wise@wiseinteractions.com&#8221; image=&#8221;https:\/\/wiseinteractions.com\/wise_www\/wp-content\/uploads\/2020\/06\/correo.png&#8221; icon_placement=&#8221;left&#8221; _builder_version=&#8221;4.4.8&#8243; header_font=&#8221;Roboto|300|||||||&#8221; header_text_color=&#8221;#ffffff&#8221; header_font_size=&#8221;16px&#8221; header_line_height=&#8221;2.2em&#8221; custom_padding=&#8221;|||90px|false|false&#8221; custom_padding_tablet=&#8221;&#8221; custom_padding_phone=&#8221;|||70px|false|false&#8221; custom_padding_last_edited=&#8221;on|phone&#8221; locked=&#8221;off&#8221;][\/et_pb_blurb][\/et_pb_column][\/et_pb_row][et_pb_row column_structure=&#8221;1_4,1_4,1_2&#8243; admin_label=&#8221;Footer Area&#8221; _builder_version=&#8221;4.3.2&#8243; max_width=&#8221;80%&#8221;][et_pb_column type=&#8221;1_4&#8243; _builder_version=&#8221;3.25&#8243; custom_padding=&#8221;|||&#8221; custom_padding__hover=&#8221;|||&#8221;][et_pb_text ul_type=&#8221;none&#8221; admin_label=&#8221;Title&#8221; _builder_version=&#8221;4.4.8&#8243; text_font=&#8221;Roboto|300|||||||&#8221; text_text_color=&#8221;#ffffff&#8221; text_font_size=&#8221;16px&#8221; text_line_height=&#8221;0.9em&#8221; link_font=&#8221;Roboto||||||||&#8221; link_text_color=&#8221;#ffffff&#8221; ul_font=&#8221;Poppins||||||||&#8221; ul_text_align=&#8221;center&#8221; header_font=&#8221;||||||||&#8221; header_2_font=&#8221;Poppins||||||||&#8221; header_2_text_align=&#8221;center&#8221; header_2_font_size=&#8221;24px&#8221; header_2_line_height=&#8221;1.4em&#8221; background_layout=&#8221;dark&#8221; custom_margin=&#8221;||15px|&#8221; custom_padding=&#8221;|||&#8221; animation_style=&#8221;fade&#8221; text_orientation_tablet=&#8221;&#8221; text_orientation_phone=&#8221;center&#8221; text_orientation_last_edited=&#8221;on|phone&#8221; link_text_color__hover_enabled=&#8221;on|hover&#8221; link_text_color__hover=&#8221;#8dc045&#8243;]<\/p>\n<p><a href=\"https:\/\/wiseinteractions.com\/wise_www\/soluciones\/\">Soluciones<\/a><\/p>\n<p><a href=\"https:\/\/wiseinteractions.com\/wise_www\/certificaciones\/\">Certificaciones<\/a><\/p>\n<p><a href=\"https:\/\/wiseinteractions.com\/wise_www\/alianzas-2\/\">Alianzas<\/a><\/p>\n<p>[\/et_pb_text][\/et_pb_column][et_pb_column type=&#8221;1_4&#8243; _builder_version=&#8221;3.25&#8243; custom_padding=&#8221;|||&#8221; custom_padding__hover=&#8221;|||&#8221;][et_pb_text ul_type=&#8221;none&#8221; admin_label=&#8221;Title&#8221; _builder_version=&#8221;4.4.8&#8243; text_font=&#8221;Roboto|300|||||||&#8221; text_text_color=&#8221;#ffffff&#8221; text_font_size=&#8221;16px&#8221; text_line_height=&#8221;0.9em&#8221; link_font=&#8221;Roboto||||||||&#8221; link_text_color=&#8221;#ffffff&#8221; ul_font=&#8221;Poppins||||||||&#8221; ul_text_align=&#8221;center&#8221; header_font=&#8221;||||||||&#8221; header_2_font=&#8221;Poppins||||||||&#8221; header_2_text_align=&#8221;center&#8221; header_2_font_size=&#8221;24px&#8221; header_2_line_height=&#8221;1.4em&#8221; background_layout=&#8221;dark&#8221; custom_margin=&#8221;||15px|&#8221; custom_padding=&#8221;|||&#8221; animation_style=&#8221;fade&#8221; text_orientation_tablet=&#8221;&#8221; text_orientation_phone=&#8221;center&#8221; text_orientation_last_edited=&#8221;on|phone&#8221; link_text_color__hover=&#8221;#8dc045&#8243; link_text_color__hover_enabled=&#8221;on|hover&#8221;]<\/p>\n<p><a href=\"https:\/\/wiseinteractions.com\/wise_www\/contacto\/\">Contacto<\/a><\/p>\n<p><a href=\"https:\/\/wiseinteractions.com\/wise_www\/aviso-de-privacidad\/\">Aviso de Privacidad<\/a><\/p>\n<p><a href=\"https:\/\/wiseinteractions.com\/wise_www\/trabaja-con-nosotros-2\/\">Trabaja con Nosotros<\/a><\/p>\n<p>[\/et_pb_text][\/et_pb_column][et_pb_column type=&#8221;1_2&#8243; _builder_version=&#8221;3.25&#8243; custom_padding=&#8221;|||&#8221; custom_padding__hover=&#8221;|||&#8221;][et_pb_text ul_type=&#8221;none&#8221; admin_label=&#8221;Title&#8221; _builder_version=&#8221;4.3.2&#8243; text_font=&#8221;Roboto|300|||||||&#8221; text_text_color=&#8221;#ffffff&#8221; text_font_size=&#8221;16px&#8221; link_font=&#8221;Roboto||||||||&#8221; ul_font=&#8221;Poppins||||||||&#8221; ul_text_align=&#8221;center&#8221; header_font=&#8221;||||||||&#8221; header_2_font=&#8221;Poppins||||||||&#8221; header_2_text_align=&#8221;center&#8221; header_2_font_size=&#8221;24px&#8221; header_2_line_height=&#8221;1.4em&#8221; background_layout=&#8221;dark&#8221; custom_margin=&#8221;||15px|&#8221; custom_padding=&#8221;|||&#8221; animation_style=&#8221;fade&#8221; text_orientation_tablet=&#8221;&#8221; text_orientation_phone=&#8221;center&#8221; text_orientation_last_edited=&#8221;on|phone&#8221;]<\/p>\n<p style=\"text-align: left;\"><strong>Wise Interactions<\/strong> es una empresa especializada en procesos de comunicaci\u00f3n directa, dise\u00f1o, implementaci\u00f3n y operaci\u00f3n de centros de contacto.<\/p>\n<p>[\/et_pb_text][\/et_pb_column][\/et_pb_row][\/et_pb_section]<\/p>\n","protected":false},"excerpt":{"rendered":"<p>#TalentoWise Conoce a Nuestro Equipo de TrabajoSabemos lo importante que es para todos que sean escuchados y creemos firmemente que todas las opiniones son importantes. Si tienes curiosidad de conocer m\u00e1s sobre nuestro equipo de trabajo de Wise Interactions, lee las breves entrevistas y las historias de \u00e9xito de nuestros integrantes de #TalentoWise.Soluciones Certificaciones AlianzasContacto [&hellip;]<\/p>\n","protected":false},"author":1,"featured_media":0,"parent":0,"menu_order":0,"comment_status":"closed","ping_status":"closed","template":"","meta":{"_et_pb_use_builder":"on","_et_pb_old_content":"","_et_gb_content_width":"","footnotes":""},"class_list":["post-2572","page","type-page","status-publish","hentry"],"yoast_head":"<!-- This site is optimized with the Yoast SEO plugin v27.2 - https:\/\/yoast.com\/product\/yoast-seo-wordpress\/ -->\n<title>Talento Wise - Wise Interactions<\/title>\n<meta name=\"robots\" content=\"index, follow, max-snippet:-1, max-image-preview:large, max-video-preview:-1\" \/>\n<link rel=\"canonical\" href=\"https:\/\/wiseinteractions.com\/wise_www\/talento-wise\/\" \/>\n<meta property=\"og:locale\" content=\"es_MX\" \/>\n<meta property=\"og:type\" content=\"article\" \/>\n<meta property=\"og:title\" content=\"Talento Wise - Wise Interactions\" \/>\n<meta property=\"og:description\" content=\"#TalentoWise Conoce a Nuestro Equipo de TrabajoSabemos lo importante que es para todos que sean escuchados y creemos firmemente que todas las opiniones son importantes. Si tienes curiosidad de conocer m\u00e1s sobre nuestro equipo de trabajo de Wise Interactions, lee las breves entrevistas y las historias de \u00e9xito de nuestros integrantes de #TalentoWise.Soluciones Certificaciones AlianzasContacto [&hellip;]\" \/>\n<meta property=\"og:url\" content=\"https:\/\/wiseinteractions.com\/wise_www\/talento-wise\/\" \/>\n<meta property=\"og:site_name\" content=\"Wise Interactions\" \/>\n<meta property=\"article:publisher\" content=\"https:\/\/www.facebook.com\/wiseinteractions\" \/>\n<meta property=\"article:modified_time\" content=\"2021-02-23T17:22:52+00:00\" \/>\n<meta name=\"twitter:card\" content=\"summary_large_image\" \/>\n<meta name=\"twitter:label1\" content=\"Tiempo de lectura\" \/>\n\t<meta name=\"twitter:data1\" content=\"5 minutos\" \/>\n<script type=\"application\/ld+json\" class=\"yoast-schema-graph\">{\"@context\":\"https:\/\/schema.org\",\"@graph\":[{\"@type\":\"WebPage\",\"@id\":\"https:\/\/wiseinteractions.com\/wise_www\/talento-wise\/\",\"url\":\"https:\/\/wiseinteractions.com\/wise_www\/talento-wise\/\",\"name\":\"Talento Wise - Wise Interactions\",\"isPartOf\":{\"@id\":\"https:\/\/wiseinteractions.com\/wise_www\/#website\"},\"datePublished\":\"2020-06-30T17:24:40+00:00\",\"dateModified\":\"2021-02-23T17:22:52+00:00\",\"breadcrumb\":{\"@id\":\"https:\/\/wiseinteractions.com\/wise_www\/talento-wise\/#breadcrumb\"},\"inLanguage\":\"es\",\"potentialAction\":[{\"@type\":\"ReadAction\",\"target\":[\"https:\/\/wiseinteractions.com\/wise_www\/talento-wise\/\"]}]},{\"@type\":\"BreadcrumbList\",\"@id\":\"https:\/\/wiseinteractions.com\/wise_www\/talento-wise\/#breadcrumb\",\"itemListElement\":[{\"@type\":\"ListItem\",\"position\":1,\"name\":\"Inicio\",\"item\":\"https:\/\/wiseinteractions.com\/wise_www\/\"},{\"@type\":\"ListItem\",\"position\":2,\"name\":\"Talento Wise\"}]},{\"@type\":\"WebSite\",\"@id\":\"https:\/\/wiseinteractions.com\/wise_www\/#website\",\"url\":\"https:\/\/wiseinteractions.com\/wise_www\/\",\"name\":\"Wise Interactions\",\"description\":\"\",\"publisher\":{\"@id\":\"https:\/\/wiseinteractions.com\/wise_www\/#organization\"},\"potentialAction\":[{\"@type\":\"SearchAction\",\"target\":{\"@type\":\"EntryPoint\",\"urlTemplate\":\"https:\/\/wiseinteractions.com\/wise_www\/?s={search_term_string}\"},\"query-input\":{\"@type\":\"PropertyValueSpecification\",\"valueRequired\":true,\"valueName\":\"search_term_string\"}}],\"inLanguage\":\"es\"},{\"@type\":\"Organization\",\"@id\":\"https:\/\/wiseinteractions.com\/wise_www\/#organization\",\"name\":\"Wise Interactions\",\"url\":\"https:\/\/wiseinteractions.com\/wise_www\/\",\"logo\":{\"@type\":\"ImageObject\",\"inLanguage\":\"es\",\"@id\":\"https:\/\/wiseinteractions.com\/wise_www\/#\/schema\/logo\/image\/\",\"url\":\"https:\/\/wiseinteractions.com\/wise_www\/wp-content\/uploads\/2020\/06\/logo-wise.png\",\"contentUrl\":\"https:\/\/wiseinteractions.com\/wise_www\/wp-content\/uploads\/2020\/06\/logo-wise.png\",\"width\":210,\"height\":138,\"caption\":\"Wise Interactions\"},\"image\":{\"@id\":\"https:\/\/wiseinteractions.com\/wise_www\/#\/schema\/logo\/image\/\"},\"sameAs\":[\"https:\/\/www.facebook.com\/wiseinteractions\",\"https:\/\/www.instagram.com\/wiseinteractions_mx\/\"]}]}<\/script>\n<!-- \/ Yoast SEO plugin. -->","yoast_head_json":{"title":"Talento Wise - Wise Interactions","robots":{"index":"index","follow":"follow","max-snippet":"max-snippet:-1","max-image-preview":"max-image-preview:large","max-video-preview":"max-video-preview:-1"},"canonical":"https:\/\/wiseinteractions.com\/wise_www\/talento-wise\/","og_locale":"es_MX","og_type":"article","og_title":"Talento Wise - Wise Interactions","og_description":"#TalentoWise Conoce a Nuestro Equipo de TrabajoSabemos lo importante que es para todos que sean escuchados y creemos firmemente que todas las opiniones son importantes. Si tienes curiosidad de conocer m\u00e1s sobre nuestro equipo de trabajo de Wise Interactions, lee las breves entrevistas y las historias de \u00e9xito de nuestros integrantes de #TalentoWise.Soluciones Certificaciones AlianzasContacto [&hellip;]","og_url":"https:\/\/wiseinteractions.com\/wise_www\/talento-wise\/","og_site_name":"Wise Interactions","article_publisher":"https:\/\/www.facebook.com\/wiseinteractions","article_modified_time":"2021-02-23T17:22:52+00:00","twitter_card":"summary_large_image","twitter_misc":{"Tiempo de lectura":"5 minutos"},"schema":{"@context":"https:\/\/schema.org","@graph":[{"@type":"WebPage","@id":"https:\/\/wiseinteractions.com\/wise_www\/talento-wise\/","url":"https:\/\/wiseinteractions.com\/wise_www\/talento-wise\/","name":"Talento Wise - Wise Interactions","isPartOf":{"@id":"https:\/\/wiseinteractions.com\/wise_www\/#website"},"datePublished":"2020-06-30T17:24:40+00:00","dateModified":"2021-02-23T17:22:52+00:00","breadcrumb":{"@id":"https:\/\/wiseinteractions.com\/wise_www\/talento-wise\/#breadcrumb"},"inLanguage":"es","potentialAction":[{"@type":"ReadAction","target":["https:\/\/wiseinteractions.com\/wise_www\/talento-wise\/"]}]},{"@type":"BreadcrumbList","@id":"https:\/\/wiseinteractions.com\/wise_www\/talento-wise\/#breadcrumb","itemListElement":[{"@type":"ListItem","position":1,"name":"Inicio","item":"https:\/\/wiseinteractions.com\/wise_www\/"},{"@type":"ListItem","position":2,"name":"Talento Wise"}]},{"@type":"WebSite","@id":"https:\/\/wiseinteractions.com\/wise_www\/#website","url":"https:\/\/wiseinteractions.com\/wise_www\/","name":"Wise Interactions","description":"","publisher":{"@id":"https:\/\/wiseinteractions.com\/wise_www\/#organization"},"potentialAction":[{"@type":"SearchAction","target":{"@type":"EntryPoint","urlTemplate":"https:\/\/wiseinteractions.com\/wise_www\/?s={search_term_string}"},"query-input":{"@type":"PropertyValueSpecification","valueRequired":true,"valueName":"search_term_string"}}],"inLanguage":"es"},{"@type":"Organization","@id":"https:\/\/wiseinteractions.com\/wise_www\/#organization","name":"Wise Interactions","url":"https:\/\/wiseinteractions.com\/wise_www\/","logo":{"@type":"ImageObject","inLanguage":"es","@id":"https:\/\/wiseinteractions.com\/wise_www\/#\/schema\/logo\/image\/","url":"https:\/\/wiseinteractions.com\/wise_www\/wp-content\/uploads\/2020\/06\/logo-wise.png","contentUrl":"https:\/\/wiseinteractions.com\/wise_www\/wp-content\/uploads\/2020\/06\/logo-wise.png","width":210,"height":138,"caption":"Wise Interactions"},"image":{"@id":"https:\/\/wiseinteractions.com\/wise_www\/#\/schema\/logo\/image\/"},"sameAs":["https:\/\/www.facebook.com\/wiseinteractions","https:\/\/www.instagram.com\/wiseinteractions_mx\/"]}]}},"_links":{"self":[{"href":"https:\/\/wiseinteractions.com\/wise_www\/wp-json\/wp\/v2\/pages\/2572","targetHints":{"allow":["GET"]}}],"collection":[{"href":"https:\/\/wiseinteractions.com\/wise_www\/wp-json\/wp\/v2\/pages"}],"about":[{"href":"https:\/\/wiseinteractions.com\/wise_www\/wp-json\/wp\/v2\/types\/page"}],"author":[{"embeddable":true,"href":"https:\/\/wiseinteractions.com\/wise_www\/wp-json\/wp\/v2\/users\/1"}],"replies":[{"embeddable":true,"href":"https:\/\/wiseinteractions.com\/wise_www\/wp-json\/wp\/v2\/comments?post=2572"}],"version-history":[{"count":12,"href":"https:\/\/wiseinteractions.com\/wise_www\/wp-json\/wp\/v2\/pages\/2572\/revisions"}],"predecessor-version":[{"id":2780,"href":"https:\/\/wiseinteractions.com\/wise_www\/wp-json\/wp\/v2\/pages\/2572\/revisions\/2780"}],"wp:attachment":[{"href":"https:\/\/wiseinteractions.com\/wise_www\/wp-json\/wp\/v2\/media?parent=2572"}],"curies":[{"name":"wp","href":"https:\/\/api.w.org\/{rel}","templated":true}]}}